Let w(t) = 8*t - 10. Let k be w(7). Let o = k + i. List the prime factors of o.
2, 5
Let n be -1*(-1 - 1) - -6. Let t be (n/16)/(2/68). Suppose t = 2*p - 35. What are the prime factors of p?
2, 13
Let f(z) = -5*z - 30. What are the prime factors of f(-13)?
5, 7
Let x = 836 + -467. What are the prime factors of x?
3, 41
Let i(j) = -j**3 - 6*j**2 - j - 3. Let d be i(-6). Suppose -5*v - 5*q = -395, 0 = -5*v - d*q + q + 398. List the prime factors of v.
2, 5
Suppose -5*t + 2*t + 6 = 0. Suppose 5*k - 579 = 2*k + 5*i, 0 = -t*i - 6. Suppose 0 = -5*l + k + 102. List the prime factors of l.
2, 29
Suppose -3*y - 5*s = -5330, 2011 = y + s + 235. What are the prime factors of y?
5, 71
Let j(x) = -1. Let g(h) = -h**2 - 3*h + 3. Let k(a) = -g(a) + 3*j(a). What are the prime factors of k(5)?
2, 17
Let k = -1448 - -2146. List the prime factors of k.
2, 349
Let d(x) = 4*x - 4. List the prime factors of d(6).
2, 5
Let y be 104/24 + (-1)/3. Suppose r - 63 = y*w - 5*w, -r + 335 = 5*w. Suppose 3*a - w = a. What are the prime factors of a?
2, 17
Let t(z) = -2*z**3 + 6*z**2 + 2*z - 1. Let f be t(3). Let q(n) = 9*n - 11. List the prime factors of q(f).
2, 17
Let p(j) = j**3 + 3*j**2 + 2*j + 1214. What are the prime factors of p(0)?
2, 607
Let p be 2/(12/3)*-80. Let j be 4/5 + 32/p. Suppose -q - 3*m = -45, j*m = -3*q - 3*m + 117. List the prime factors of q.
2, 3
Let r(h) = 2*h**2 + 7*h - 10. Let i be r(4). What are the prime factors of 894/4*i/75?
149
Let y = -17 + 13. Let c be -3 - 2/y*8. Suppose -o + 25 + c = 0. List the prime factors of o.
2, 13
Suppose 235 = 3*f + 43. What are the prime factors of f?
2
Let s be 4*((-34)/8 - -5). Suppose -176 = -c + 2*o - 0*o, -s*o = 3. List the prime factors of c.
2, 3, 29
Suppose -2*z = 4*v + 186, -10 = -3*v - 7. Let k = z + 100. List the prime factors of k.
5
Let z(c) = -2*c + 11. Let h(j) = -6*j**2 - 2*j - 5. Let x(o) = -5*o**2 - 3*o - 5. Let g(v) = 4*h(v) - 5*x(v). Let t be g(-4). List the prime factors of z(t).
5
Let r = 4 - 4. Let s = r - -4. Suppose 0 = -2*b + s*b - 52. What are the prime factors of b?
2, 13
Let q(o) = 9*o**2 - 45*o + 270. List the prime factors of q(24).
2, 3
Suppose 0 = y - 4*b - 62, 5*b - b = -2*y + 124. Let w = 134 - y. Suppose 4*a - 5*a = -w. What are the prime factors of a?
2, 3
Suppose -2626 = 12*o - 8590. What are the prime factors of o?
7, 71
Let v be 2410/30 - 2/6. Suppose 19 = -t + v. List the prime factors of t.
61
Let i = -25 + 14. Suppose -c = 5*x - 1, -4 = 4*x + 4. Let w = c - i. List the prime factors of w.
2, 11
Let z(t) = 20*t - 3 - 5 + 5. Let c be z(5). Suppose -4*a - 41 = -c. What are the prime factors of a?
2, 7
Let u be (28/21)/((-2)/(-9)). Suppose 4*n + 348 = u*n. What are the prime factors of n?
2, 3, 29
Suppose -43*i = -5*i - 210064. What are the prime factors of i?
2, 691
Let a = 382 - 262. Suppose 33*p = 29*p + a. What are the prime factors of p?
2, 3, 5
Suppose 0 = -136*i + 111*i + 119875. List the prime factors of i.
5, 7, 137
List the prime factors of (-20)/45 + (-336)/(-27).
2, 3
Suppose -m + 2 = -j, -1 = -m - 3*j + 5. List the prime factors of 45 + m + (0 - -2).
2, 5
Let o = 867 + -426. Suppose 0*r - o = -7*r. List the prime factors of r.
3, 7
Let k(q) be the second derivative of q**4/3 + q**3/3 - 7*q**2/2 - 3*q. Let o be 52/(-16) - (-4)/16. List the prime factors of k(o).
23
Suppose 12 + 16 = -4*p. Let w = 24 + p. Suppose d - w = 4. What are the prime factors of d?
3, 7
Let f be (2 - 0) + (2 - 0). What are the prime factors of (-3206)/(-56) + (-1)/f?
3, 19
Let x be 0/3*(-2)/4. Suppose 0 = -3*z - 2*z - 10, x = -5*j + z - 418. List the prime factors of (4/(-6))/(4/j).
2, 7
Suppose x = 2*x - 46. Suppose -2*f - u + x = -0*u, -52 = -2*f - 4*u. List the prime factors of f.
2, 11
Let m(z) = z**2 + 3*z - 1. Let b be (5/15)/(1/(-15)). List the prime factors of m(b).
3
Suppose 0 = -3*a + 3*q, -4*a - 6*q + 2*q + 16 = 0. Suppose 313 = p - 5*d, 8*p - a*d = 3*p + 1473. List the prime factors of p.
293
Suppose 0 = 4*b - 60 - 20. Let m = 11 - b. What are the prime factors of 19 + m/(6 - 3)?
2
Suppose 4*j - 6*j + 2333 = 5*f, 6*f = j + 2786. List the prime factors of f.
3, 5, 31
Suppose -14399 = -453*g + 436*g. List the prime factors of g.
7, 11
Let c = -242 - 114. List the prime factors of c/3*(-15)/10.
2, 89
Let x be 37 - 5 - ((-3 - -2) + 7). Let n(i) = -i**2 + 7*i + 5. Let t be n(6). Let g = x + t. What are the prime factors of g?
37
Suppose 7*g - 233 + 1031 = 0. List the prime factors of g/(-4)*(-20)/(-15).
2, 19
Let v(f) = f**3 - 6*f**2 + 5*f + 5. Let o be v(5). Let s be (-7 + 1)*-1*4. Suppose -q + 12 = -m + 3*q, m + o*q - s = 0. What are the prime factors of m?
2
Suppose 4*b - i = 3*b + 55, 0 = 4*b + 4*i - 228. Let x = b + 43. What are the prime factors of x?
3, 11
Suppose 4*x - 72 = -2*f, 4*f = -4*x + 106 - 34. List the prime factors of -3*x*(-4)/6.
2, 3
Let d(r) = 4*r - 17. Let n be d(5). Suppose -15 = -5*t + 5*j, -n*j - 1 = -2*t + 4. Suppose -2*o - 20 = -t*o. List the prime factors of o.
2, 5
What are the prime factors of 11561/4 - (27/12 - 2)?
2, 5, 17
Let a(i) = 15*i - 117. Let f(y) = 7*y - 58. Let w(r) = 6*a(r) - 13*f(r). What are the prime factors of w(0)?
2, 13
Let x = 13 - 8. Suppose 2*p + 3*a + 0*a = -9, -x*a - 25 = 0. Suppose 131 = p*d - f, -4*d = -0*d + 4*f - 180. List the prime factors of d.
2, 11
Let k = -9 + 11. Suppose k = 5*b - 8. Suppose 3*h = -j + 27, -b*j - 4*h - 41 = -99. What are the prime factors of j?
3, 11
What are the prime factors of (11/(-44))/((-1)/2712)?
2, 3, 113
Let p = -17 - -7. Let b(x) = -x**3 - 8*x**2 + 14*x + 19. What are the prime factors of b(p)?
79
Suppose 0 = 5*r - 3 - 7. Let p(g) = g + g + r - 10*g. List the prime factors of p(-2).
2, 3
List the prime factors of -2792*((-276)/32)/23.
3, 349
Let p(z) = -105*z - 102. List the prime factors of p(-6).
2, 3, 11
Let q(z) be the second derivative of 11*z**4/12 + z**3/2 - 3*z**2/2 - 2*z. List the prime factors of q(1).
11
Suppose -4*l + 730 = 2*r, -4*l + 21*r - 20*r + 727 = 0. What are the prime factors of l?
2, 7, 13
What are the prime factors of (-26166)/(-24) + 14/8?
2, 3, 7, 13
Let h(b) = 4*b**2 + 4. Let y be h(-2). Let u = 20 - y. Suppose u*x - 2*x = -84. What are the prime factors of x?
2, 3, 7
Let q be 7/(-5) - 30/50. List the prime factors of 308/55 - q/5.
2, 3
Let u(v) = -3*v - 15. Let a = 4 + -10. Let o be u(a). Suppose 0 = k + o*k - 8. What are the prime factors of k?
2
Let z = 85 - -75. Let m = z - 83. What are the prime factors of m?
7, 11
Let i(r) = 8*r - 3. Let s be 0/(-1 - (-3 + 3)). Let x(g) = -g + 7. Let m be x(s). List the prime factors of i(m).
53
Let k(y) = y**3 + 8*y**2 - 3*y - 12. Let s(v) = -v**3 + 6*v**2 - 7*v + 2. Let c be s(5). List the prime factors of k(c).
2, 3
Let m(h) = -h**3 + 7*h**2 + 66*h - 13. What are the prime factors of m(6)?
419
Let q = -111 + -64. List the prime factors of 21/84 - q/4.
2, 11
Let b(y) = 11*y**2 - 6*y + 8. Suppose -2*v - 5*g = 6 + 1, 0 = 2*v - 3*g - 17. List the prime factors of b(v).
2, 5
Let q be -3 + -5 - -4 - -6. Suppose -4*s = 5*x, -q*s = 4*x + s. Suppose x*c = -3*c + 159. What are the prime factors of c?
53
Let n = 875 - -363. What are the prime factors of n?
2, 619
Let d = 646 - 225. What are the prime factors of d?
421
Let v(w) = w**3 + 6*w**2 - 7*w + 22. What are the prime factors of v(5)?
2, 131
Let k = 1 + -1. What are the prime factors of 5 + -1 - (-24)/(k - -4)?
2, 5
Let x be 14*1/((-28)/(-8)). Suppose x*b - 15 = b. Suppose 74 + 0 = 4*d + 5*y, 0 = 5*d + b*y - 95. What are the prime factors of d?
3, 7
What are the prime factors of (-168)/(-308) - (-126080)/44?
2, 1433
List the prime factors of (1136/(-2 + 4))/((-2)/(-12)).
2, 3, 71
Let u = -62 - -67. Let z = -2 + 2. Suppose z = u*r - 2*r - 168. List the prime factors of r.
2, 7
Let n(y) = -9 + y**3 + 12*y**2 + 4*y - 8 + 10*y. What are the prime factors of n(-10)?
43
Suppose -j - 5*v = -6*j + 55, v = 4*j - 35. Let t be (1 + j)*2/9. What are the prime factors of 3/((-9)/(-12))*t?
2
Suppose l - 2 = -p + 1, -6 = -2*l + p. What are the prime factors of 4 + 21/14*326/l?
167
Let z(i) be the first derivative of -i**3/3 + 13*i**2/2 + 7. Let r be z(11). Suppose r = 4*h + 2. What are the prime factors of h?
5
Let o(s) = -s**3 + 33*s**2 - 73*s - 12. List the prime factors of o(30).
2, 3, 83
L